{"id":93,"date":"2016-01-11T17:11:42","date_gmt":"2016-01-11T17:11:42","guid":{"rendered":"http:\/\/salonbiendansmavie.fr\/?page_id=93"},"modified":"2026-01-28T17:53:40","modified_gmt":"2026-01-28T16:53:40","slug":"infos-pratiques","status":"publish","type":"page","link":"https:\/\/salonbiendansmavie.fr\/?page_id=93","title":{"rendered":"Infos pratiques"},"content":{"rendered":"<h3><strong>PARC DES EXPOSITIONS DE PAU HALL ADOUR ET PAYS DE SOULE (2400m2)<\/strong><\/h3>\n<p><img loading=\"lazy\" decoding=\"async\" class=\"alignnone wp-image-172\" src=\"http:\/\/salonbiendansmavie.fr\/wp-content\/uploads\/2016\/01\/planparcexpo-2-300x158.gif\" alt=\"\" width=\"780\" height=\"411\" srcset=\"https:\/\/salonbiendansmavie.fr\/wp-content\/uploads\/2016\/01\/planparcexpo-2-300x158.gif 300w, https:\/\/salonbiendansmavie.fr\/wp-content\/uploads\/2016\/01\/planparcexpo-2-768x404.gif 768w, https:\/\/salonbiendansmavie.fr\/wp-content\/uploads\/2016\/01\/planparcexpo-2-1024x538.gif 1024w\" sizes=\"auto, (max-width: 780px) 100vw, 780px\" \/><\/p>\n<h4><strong>Parking Parc des Expositions ou Place de Verdun (3mn \u00e0 pied)<\/strong><\/h4>\n<h4><strong>OUVERTURE VENDREDI de 13h \u00e0 21h (Nocturne), SAMEDI et DIMANCHE de 10h \u00e0 19h \u00a0(6, 7 et 8 f\u00e9vrier 2026)<\/strong><\/h4>\n<h4><strong>Entr\u00e9e + de 14 ans 3\u20ac<\/strong><\/h4>\n<h4><strong>Restauration sur place<\/strong><\/h4>\n<h4><\/h4>\n","protected":false},"excerpt":{"rendered":"<p>PARC DES EXPOSITIONS DE PAU HALL ADOUR ET PAYS DE SOULE (2400m2) Parking Parc des Expositions ou Place de Verdun (3mn \u00e0 pied) OUVERTURE VENDREDI de 13h \u00e0 21h (Nocturne), SAMEDI et DIMANCHE de 10h \u00e0 19h \u00a0(6, 7 et 8 f\u00e9vrier 2026) Entr\u00e9e + de 14 ans 3\u20ac Restauration sur place<\/p>\n","protected":false},"author":1,"featured_media":0,"parent":53,"menu_order":0,"comment_status":"closed","ping_status":"closed","template":"template-full-width.php","meta":{"footnotes":""},"class_list":["post-93","page","type-page","status-publish","hentry"],"_links":{"self":[{"href":"https:\/\/salonbiendansmavie.fr\/index.php?rest_route=\/wp\/v2\/pages\/93","targetHints":{"allow":["GET"]}}],"collection":[{"href":"https:\/\/salonbiendansmavie.fr\/index.php?rest_route=\/wp\/v2\/pages"}],"about":[{"href":"https:\/\/salonbiendansmavie.fr\/index.php?rest_route=\/wp\/v2\/types\/page"}],"author":[{"embeddable":true,"href":"https:\/\/salonbiendansmavie.fr\/index.php?rest_route=\/wp\/v2\/users\/1"}],"replies":[{"embeddable":true,"href":"https:\/\/salonbiendansmavie.fr\/index.php?rest_route=%2Fwp%2Fv2%2Fcomments&post=93"}],"version-history":[{"count":14,"href":"https:\/\/salonbiendansmavie.fr\/index.php?rest_route=\/wp\/v2\/pages\/93\/revisions"}],"predecessor-version":[{"id":697,"href":"https:\/\/salonbiendansmavie.fr\/index.php?rest_route=\/wp\/v2\/pages\/93\/revisions\/697"}],"up":[{"embeddable":true,"href":"https:\/\/salonbiendansmavie.fr\/index.php?rest_route=\/wp\/v2\/pages\/53"}],"wp:attachment":[{"href":"https:\/\/salonbiendansmavie.fr\/index.php?rest_route=%2Fwp%2Fv2%2Fmedia&parent=93"}],"curies":[{"name":"wp","href":"https:\/\/api.w.org\/{rel}","templated":true}]}}